{"id":182,"date":"2025-09-21T17:19:45","date_gmt":"2025-09-21T15:19:45","guid":{"rendered":"https:\/\/chrysaelle.fr\/?page_id=182"},"modified":"2025-10-25T21:34:35","modified_gmt":"2025-10-25T19:34:35","slug":"mentions-legales","status":"publish","type":"page","link":"https:\/\/chrysaelle.fr\/?page_id=182","title":{"rendered":"Mentions l\u00e9gales"},"content":{"rendered":"\n<p>En vigueur au 25\/10\/2025<\/p>\n\n\n\n<p>Conform\u00e9ment aux dispositions de la loi n\u00b02004-575 du 21 juin 2004 pour la Confiance en l\u2019\u00e9conomie num\u00e9rique, il est port\u00e9 \u00e0 la connaissance des utilisateurs et visiteurs, ci-apr\u00e8s l&rsquo; \u00ab\u00a0Utilisateur\u00a0\u00bb, du site chrysaelle.fr , ci-apr\u00e8s le \u00ab\u00a0Site\u00a0\u00bb, les pr\u00e9sentes mentions l\u00e9gales.<\/p>\n\n\n\n<p>La connexion et la navigation sur le Site par l\u2019Utilisateur implique acceptation int\u00e9grale et sans r\u00e9serve des pr\u00e9sentes mentions l\u00e9gales.<\/p>\n\n\n\n<p>Ces derni\u00e8res sont accessibles sur le Site \u00e0 la rubrique \u00ab\u00a0Mentions l\u00e9gales\u00a0\u00bb.<\/p>\n\n\n\n<p><\/p>\n\n\n\n<p>IDENTITE DE L&rsquo;ENTREPRISE<br><img loading=\"lazy\" decoding=\"async\" width=\"144\" height=\"15\" class=\"wp-image-274\" style=\"width: 144px;\" src=\"https:\/\/chrysaelle.fr\/wp-content\/uploads\/2025\/09\/nom-pour-texte.png\" alt=\"\">&#8211; Entrepreneur individuel<br>6 rue d&rsquo;entraigues, 37000 TOURS<\/p>\n\n\n\n<figure class=\"wp-block-image size-full is-resized\"><img loading=\"lazy\" decoding=\"async\" width=\"450\" height=\"169\" src=\"https:\/\/chrysaelle.fr\/wp-content\/uploads\/2025\/09\/mentions-legales.png\" alt=\"\" class=\"wp-image-209\" style=\"width:246px;height:auto\" srcset=\"https:\/\/chrysaelle.fr\/wp-content\/uploads\/2025\/09\/mentions-legales.png 450w, https:\/\/chrysaelle.fr\/wp-content\/uploads\/2025\/09\/mentions-legales-300x113.png 300w\" sizes=\"auto, (max-width: 450px) 100vw, 450px\" \/><\/figure>\n\n\n\n<p><\/p>\n\n\n\n<p>EDITION DU SITE<br>L\u2019\u00e9dition et la direction de la publication du Site est assur\u00e9e par Madame <img loading=\"lazy\" decoding=\"async\" width=\"144\" height=\"15\" class=\"wp-image-274\" style=\"width: 144px;\" src=\"https:\/\/chrysaelle.fr\/wp-content\/uploads\/2025\/09\/nom-pour-texte.png\" alt=\"\">, domicili\u00e9e 6 rue d&rsquo;entraigues 37000 TOURS, dont le num\u00e9ro de t\u00e9l\u00e9phone est <img loading=\"lazy\" decoding=\"async\" width=\"150\" height=\"14\" class=\"wp-image-213\" style=\"width: 150px;\" src=\"https:\/\/chrysaelle.fr\/wp-content\/uploads\/2025\/09\/tel-violet-pour-texte-copie.png\" alt=\"\" srcset=\"https:\/\/chrysaelle.fr\/wp-content\/uploads\/2025\/09\/tel-violet-pour-texte-copie.png 164w, https:\/\/chrysaelle.fr\/wp-content\/uploads\/2025\/09\/tel-violet-pour-texte-copie-150x15.png 150w\" sizes=\"auto, (max-width: 150px) 100vw, 150px\" \/>, et l&rsquo;adresse e-mail <img loading=\"lazy\" decoding=\"async\" width=\"200\" height=\"18\" class=\"wp-image-212\" style=\"width: 200px;\" src=\"https:\/\/chrysaelle.fr\/wp-content\/uploads\/2025\/09\/mail-violet-pour-texte-copie.png\" alt=\"\"><\/p>\n\n\n\n<p>ci-apr\u00e8s l'\u00a0\u00bbEditeur\u00a0\u00bb.<\/p>\n\n\n\n<p><\/p>\n\n\n\n<p>ACCES AU SITE<\/p>\n\n\n\n<p>Le Site est normalement accessible, \u00e0 tout moment, \u00e0 l&rsquo;Utilisateur. Toutefois, l&rsquo;Editeur pourra, \u00e0 tout moment, suspendre, limiter ou interrompre le Site afin de proc\u00e9der, notamment, \u00e0 des mises \u00e0 jour ou des modifications de son contenu. L&rsquo;Editeur ne pourra en aucun cas \u00eatre tenu responsable des cons\u00e9quences \u00e9ventuelles de cette indisponibilit\u00e9 sur les activit\u00e9s de l&rsquo;Utilisateur.<\/p>\n\n\n\n<p><\/p>\n\n\n\n<p>HEBERGEUR<\/p>\n\n\n\n<p>L&rsquo;h\u00e9bergeur du Site est la soci\u00e9t\u00e9 OVH SAS, dont le si\u00e8ge social est situ\u00e9 au 2 rue Kellermann &#8211; 59100 Roubaix &#8211; FRANCE . Le num\u00e9ro de t\u00e9l\u00e9phone de l&rsquo;h\u00e9bergeur est le 0972101007.<\/p>\n\n\n\n<p><\/p>\n\n\n\n<p>COLLECTE DES DONNEES<\/p>\n\n\n\n<p>Le Site assure \u00e0 l&rsquo;Utilisateur une collecte et un traitement des donn\u00e9es personnelles dans le respect de la vie priv\u00e9e conform\u00e9ment \u00e0 la loi n\u00b078-17 du 6 janvier 1978 relative \u00e0 l&rsquo;informatique, aux fichiers aux libert\u00e9s et dans le respect de la r\u00e8glementation applicable en mati\u00e8re de traitement des donn\u00e9es \u00e0 caract\u00e8re personnel conform\u00e9ment au r\u00e8glement (UE) 2016\/679 du Parlement europ\u00e9en et du Conseil du 27 avril 2016 (ci-apr\u00e8s, ensemble, la \u00ab\u00a0R\u00e8glementation applicable en mati\u00e8re de protection des Donn\u00e9es \u00e0 caract\u00e8re personnel\u00a0\u00bb).<\/p>\n\n\n\n<p>En vertu de la R\u00e8glementation applicable en mati\u00e8re de protection des Donn\u00e9es \u00e0 caract\u00e8re personnel, l&rsquo;Utilisateur dispose d&rsquo;un droit d&rsquo;acc\u00e8s, de rectification, de suppression et d&rsquo;opposition de ses donn\u00e9es personnelles. L&rsquo;Utilisateur peut exercer ce droit :<br>\u2022 par mail \u00e0 l&rsquo;adresse email <img loading=\"lazy\" decoding=\"async\" width=\"200\" height=\"18\" class=\"wp-image-212\" style=\"width: 200px;\" src=\"https:\/\/chrysaelle.fr\/wp-content\/uploads\/2025\/09\/mail-violet-pour-texte-copie.png\" alt=\"\"><\/p>\n\n\n\n<p>Toute utilisation, reproduction, diffusion, commercialisation, modification de toute ou partie du Site, sans autorisation expresse de l\u2019Editeur est prohib\u00e9e et pourra entra\u00eener des actions et poursuites judiciaires telles que pr\u00e9vues par la r\u00e8glementation en vigueur.<\/p>\n\n\n\n<p>Pour plus d\u2019informations, se reporter aux CGV du site chrysaelle.fr accessibles depuis la rubrique \u00ab\u00a0Conditions g\u00e9n\u00e9rales de vente\u00a0\u00bb.<\/p>\n\n\n\n<p>Pour plus d&rsquo;informations en mati\u00e8re de protection des donn\u00e9es \u00e0 caract\u00e8re personnel et de cookies, se reporter \u00e0 la Charte en mati\u00e8re de protection des donn\u00e9es \u00e0 caract\u00e8re personnel du site chrysaelle.fr accessible depuis la rubrique \u00ab\u00a0Politique de confidentialit\u00e9\u00a0\u00bb.<\/p>\n","protected":false},"excerpt":{"rendered":"<p>En vigueur au 25\/10\/2025 Conform\u00e9ment aux dispositions de la loi n\u00b02004-575 du 21 juin 2004 pour la Confiance en l\u2019\u00e9conomie num\u00e9rique, il est port\u00e9 \u00e0 la connaissance des utilisateurs et visiteurs, ci-apr\u00e8s l&rsquo; \u00ab\u00a0Utilisateur\u00a0\u00bb, du site chrysaelle.fr , ci-apr\u00e8s le \u00ab\u00a0Site\u00a0\u00bb, les pr\u00e9sentes mentions l\u00e9gales. La connexion et la navigation sur le Site par l\u2019Utilisateur [&hellip;]<\/p>\n","protected":false},"author":1,"featured_media":0,"parent":0,"menu_order":0,"comment_status":"closed","ping_status":"closed","template":"","meta":{"footnotes":""},"class_list":["post-182","page","type-page","status-publish","hentry"],"jetpack_sharing_enabled":true,"_links":{"self":[{"href":"https:\/\/chrysaelle.fr\/index.php?rest_route=\/wp\/v2\/pages\/182","targetHints":{"allow":["GET"]}}],"collection":[{"href":"https:\/\/chrysaelle.fr\/index.php?rest_route=\/wp\/v2\/pages"}],"about":[{"href":"https:\/\/chrysaelle.fr\/index.php?rest_route=\/wp\/v2\/types\/page"}],"author":[{"embeddable":true,"href":"https:\/\/chrysaelle.fr\/index.php?rest_route=\/wp\/v2\/users\/1"}],"replies":[{"embeddable":true,"href":"https:\/\/chrysaelle.fr\/index.php?rest_route=%2Fwp%2Fv2%2Fcomments&post=182"}],"version-history":[{"count":8,"href":"https:\/\/chrysaelle.fr\/index.php?rest_route=\/wp\/v2\/pages\/182\/revisions"}],"predecessor-version":[{"id":330,"href":"https:\/\/chrysaelle.fr\/index.php?rest_route=\/wp\/v2\/pages\/182\/revisions\/330"}],"wp:attachment":[{"href":"https:\/\/chrysaelle.fr\/index.php?rest_route=%2Fwp%2Fv2%2Fmedia&parent=182"}],"curies":[{"name":"wp","href":"https:\/\/api.w.org\/{rel}","templated":true}]}}