{"id":306,"date":"2025-10-03T21:24:44","date_gmt":"2025-10-03T19:24:44","guid":{"rendered":"https:\/\/chrysaelle.fr\/?post_type=product&#038;p=306"},"modified":"2025-10-26T15:35:06","modified_gmt":"2025-10-26T14:35:06","slug":"accompagnement-allaitement-instinctif-apres-la-naissance-de-bebe","status":"publish","type":"product","link":"https:\/\/chrysaelle.fr\/?product=accompagnement-allaitement-instinctif-apres-la-naissance-de-bebe","title":{"rendered":"Accompagnement allaitement instinctif apr\u00e8s la naissance de b\u00e9b\u00e9"},"content":{"rendered":"<p><strong>Un chemin lact\u00e9 unique que je soutiens dans l&rsquo;\u00e9coute, le respect de vos rythmes et celui de votre enfant.<\/strong><\/p>\n<p>La dur\u00e9e est d&rsquo;environ 1h30. Pr\u00e9voir une disponibilit\u00e9 d&rsquo;environ 2h au total \u00e0 partir de l&rsquo;heure de r\u00e9servation.<\/p>\n<p>Je peux utiliser si vous le souhaitez le Design Humain pour aller plus en profondeur dans mes accompagnements. Vous pouvez me l&rsquo;indiquer au moment du choix de votre cr\u00e9neau horaire.<\/p>\n","protected":false},"excerpt":{"rendered":"<p><strong>Un chemin lact\u00e9 unique que je soutiens dans l&rsquo;\u00e9coute, le respect de vos rythmes et celui de votre enfant.<\/strong><\/p>\n","protected":false},"featured_media":220,"template":"","meta":[],"product_brand":[],"product_cat":[34,19],"product_tag":[30,21],"class_list":{"0":"post-306","1":"product","2":"type-product","3":"status-publish","4":"has-post-thumbnail","6":"product_cat-soins-adultes","7":"product_cat-soins-bebe","8":"product_tag-accompagnement","9":"product_tag-bebe","11":"first","12":"instock","13":"shipping-taxable","14":"purchasable","15":"product-type-simple"},"jetpack_sharing_enabled":true,"_links":{"self":[{"href":"https:\/\/chrysaelle.fr\/index.php?rest_route=\/wp\/v2\/product\/306","targetHints":{"allow":["GET"]}}],"collection":[{"href":"https:\/\/chrysaelle.fr\/index.php?rest_route=\/wp\/v2\/product"}],"about":[{"href":"https:\/\/chrysaelle.fr\/index.php?rest_route=\/wp\/v2\/types\/product"}],"wp:featuredmedia":[{"embeddable":true,"href":"https:\/\/chrysaelle.fr\/index.php?rest_route=\/wp\/v2\/media\/220"}],"wp:attachment":[{"href":"https:\/\/chrysaelle.fr\/index.php?rest_route=%2Fwp%2Fv2%2Fmedia&parent=306"}],"wp:term":[{"taxonomy":"product_brand","embeddable":true,"href":"https:\/\/chrysaelle.fr\/index.php?rest_route=%2Fwp%2Fv2%2Fproduct_brand&post=306"},{"taxonomy":"product_cat","embeddable":true,"href":"https:\/\/chrysaelle.fr\/index.php?rest_route=%2Fwp%2Fv2%2Fproduct_cat&post=306"},{"taxonomy":"product_tag","embeddable":true,"href":"https:\/\/chrysaelle.fr\/index.php?rest_route=%2Fwp%2Fv2%2Fproduct_tag&post=306"}],"curies":[{"name":"wp","href":"https:\/\/api.w.org\/{rel}","templated":true}]}}