{"id":340,"date":"2025-10-26T17:28:54","date_gmt":"2025-10-26T16:28:54","guid":{"rendered":"https:\/\/chrysaelle.fr\/?post_type=product&#038;p=340"},"modified":"2026-03-27T21:43:42","modified_gmt":"2026-03-27T20:43:42","slug":"decouverte-pour-1-personne-design-humain","status":"publish","type":"product","link":"https:\/\/chrysaelle.fr\/?product=decouverte-pour-1-personne-design-humain","title":{"rendered":"D\u00e9couverte pour 1 personne : Design Humain"},"content":{"rendered":"<p><strong>Un doux voyage \u00e0 la rencontre de soi-m\u00eame, pour accueillir son unicit\u00e9, s&rsquo;aimer pleinement et accompagner sa famille en harmonie.<\/strong><\/p>\n<p><strong>J&rsquo;accompagne les parents, les femmes et les enfants aux \u00e9nergies sensibles et atypiques.<\/strong><\/p>\n<p>Prestation r\u00e9alis\u00e9e en 1 seul rendez-vous \u00e0 distance dont la dur\u00e9e est d&rsquo;environ 30 minutes. Il s&rsquo;agit d&rsquo;une initiation d\u00e9couverte (type \/ profil \/ strat\u00e9gie \/ autorit\u00e9 \/ non-soi \/ alignement).<\/p>\n<p>&nbsp;<\/p>\n<p>Si vous souhaitez \u00e0 l&rsquo;avenir une prestation compl\u00e8te Design Humain 1 ou 2 personnes, vous b\u00e9n\u00e9ficierez d&rsquo;une r\u00e9duction du montant de l&rsquo;initiation d\u00e9couverte sur ces prestations.<\/p>\n","protected":false},"excerpt":{"rendered":"<p><strong>Un doux voyage \u00e0 la rencontre de soi-m\u00eame, pour accueillir son unicit\u00e9, s&rsquo;aimer pleinement et accompagner sa famille en harmonie.<\/strong><\/p>\n<p>&nbsp;<\/p>\n","protected":false},"featured_media":221,"template":"","meta":[],"product_brand":[],"product_cat":[32],"product_tag":[29,31],"class_list":{"0":"post-340","1":"product","2":"type-product","3":"status-publish","4":"has-post-thumbnail","6":"product_cat-bien-etre","7":"product_tag-enfant","8":"product_tag-parent","10":"first","11":"instock","12":"shipping-taxable","13":"purchasable","14":"product-type-simple"},"jetpack_sharing_enabled":true,"_links":{"self":[{"href":"https:\/\/chrysaelle.fr\/index.php?rest_route=\/wp\/v2\/product\/340","targetHints":{"allow":["GET"]}}],"collection":[{"href":"https:\/\/chrysaelle.fr\/index.php?rest_route=\/wp\/v2\/product"}],"about":[{"href":"https:\/\/chrysaelle.fr\/index.php?rest_route=\/wp\/v2\/types\/product"}],"wp:featuredmedia":[{"embeddable":true,"href":"https:\/\/chrysaelle.fr\/index.php?rest_route=\/wp\/v2\/media\/221"}],"wp:attachment":[{"href":"https:\/\/chrysaelle.fr\/index.php?rest_route=%2Fwp%2Fv2%2Fmedia&parent=340"}],"wp:term":[{"taxonomy":"product_brand","embeddable":true,"href":"https:\/\/chrysaelle.fr\/index.php?rest_route=%2Fwp%2Fv2%2Fproduct_brand&post=340"},{"taxonomy":"product_cat","embeddable":true,"href":"https:\/\/chrysaelle.fr\/index.php?rest_route=%2Fwp%2Fv2%2Fproduct_cat&post=340"},{"taxonomy":"product_tag","embeddable":true,"href":"https:\/\/chrysaelle.fr\/index.php?rest_route=%2Fwp%2Fv2%2Fproduct_tag&post=340"}],"curies":[{"name":"wp","href":"https:\/\/api.w.org\/{rel}","templated":true}]}}