{"id":68,"date":"2025-09-19T13:59:26","date_gmt":"2025-09-19T11:59:26","guid":{"rendered":"https:\/\/chrysaelle.fr\/?post_type=product&#038;p=68"},"modified":"2025-10-26T15:36:00","modified_gmt":"2025-10-26T14:36:00","slug":"accompagnement-massage-relaxation-femme-enceinte","status":"publish","type":"product","link":"https:\/\/chrysaelle.fr\/?product=accompagnement-massage-relaxation-femme-enceinte","title":{"rendered":"Accompagnement massage \/ relaxation femme enceinte"},"content":{"rendered":"<p><strong>Une bulle de douceur pour soulager le corps, apaiser les tensions et se connecter \u00e0 b\u00e9b\u00e9 en toute s\u00e9r\u00e9nit\u00e9.<\/strong><\/p>\n<p>La dur\u00e9e est d&rsquo;environ 1h (hors temps d&rsquo;installation et de rangement). Pr\u00e9voir une disponibilit\u00e9 d&rsquo;environ 1h45 au total \u00e0 partir de l&rsquo;heure de r\u00e9servation.<\/p>\n<p>L&rsquo;huile de massage utilis\u00e9e est certifi\u00e9e Bio et origine France.<\/p>\n<p>Je peux utiliser si vous le souhaitez le Design Humain pour aller plus en profondeur dans mes accompagnements. Vous pouvez me l&rsquo;indiquer au moment du choix de votre cr\u00e9neau horaire.<\/p>\n<p><strong>Attention : cette prestation n\u00e9cessite obligatoirement de pouvoir se garer en voiture \u00e0 c\u00f4t\u00e9 de l&rsquo;entr\u00e9e de votre domicile ainsi qu&rsquo;un acc\u00e8s de plain-pied + ascenseur fonctionnel si logement dans un \u00e9tage.<\/strong><\/p>\n","protected":false},"excerpt":{"rendered":"<p><strong>Une bulle de douceur pour soulager le corps, apaiser les tensions et se connecter \u00e0 b\u00e9b\u00e9 en toute s\u00e9r\u00e9nit\u00e9.<\/strong><\/p>\n<p>Attention restrictions : voir ci-dessous.<\/p>\n","protected":false},"featured_media":226,"template":"","meta":[],"product_brand":[],"product_cat":[22],"product_tag":[30,26,24,28],"class_list":{"0":"post-68","1":"product","2":"type-product","3":"status-publish","4":"has-post-thumbnail","6":"product_cat-soins-femme-enceinte","7":"product_tag-accompagnement","8":"product_tag-massage","9":"product_tag-prenatal","10":"product_tag-relaxation","12":"first","13":"instock","14":"shipping-taxable","15":"purchasable","16":"product-type-simple"},"jetpack_sharing_enabled":true,"_links":{"self":[{"href":"https:\/\/chrysaelle.fr\/index.php?rest_route=\/wp\/v2\/product\/68","targetHints":{"allow":["GET"]}}],"collection":[{"href":"https:\/\/chrysaelle.fr\/index.php?rest_route=\/wp\/v2\/product"}],"about":[{"href":"https:\/\/chrysaelle.fr\/index.php?rest_route=\/wp\/v2\/types\/product"}],"wp:featuredmedia":[{"embeddable":true,"href":"https:\/\/chrysaelle.fr\/index.php?rest_route=\/wp\/v2\/media\/226"}],"wp:attachment":[{"href":"https:\/\/chrysaelle.fr\/index.php?rest_route=%2Fwp%2Fv2%2Fmedia&parent=68"}],"wp:term":[{"taxonomy":"product_brand","embeddable":true,"href":"https:\/\/chrysaelle.fr\/index.php?rest_route=%2Fwp%2Fv2%2Fproduct_brand&post=68"},{"taxonomy":"product_cat","embeddable":true,"href":"https:\/\/chrysaelle.fr\/index.php?rest_route=%2Fwp%2Fv2%2Fproduct_cat&post=68"},{"taxonomy":"product_tag","embeddable":true,"href":"https:\/\/chrysaelle.fr\/index.php?rest_route=%2Fwp%2Fv2%2Fproduct_tag&post=68"}],"curies":[{"name":"wp","href":"https:\/\/api.w.org\/{rel}","templated":true}]}}