{"id":72,"date":"2025-09-19T14:08:42","date_gmt":"2025-09-19T12:08:42","guid":{"rendered":"https:\/\/chrysaelle.fr\/?post_type=product&#038;p=72"},"modified":"2025-10-26T15:33:31","modified_gmt":"2025-10-26T14:33:31","slug":"accompagnement-sommeil-des-enfants-de-la-naissance-a-5-ans","status":"publish","type":"product","link":"https:\/\/chrysaelle.fr\/?product=accompagnement-sommeil-des-enfants-de-la-naissance-a-5-ans","title":{"rendered":"Accompagnement sommeil des enfants de la naissance \u00e0 5 ans"},"content":{"rendered":"<p><strong>Un environnement serein et bienveillant pour que b\u00e9b\u00e9, enfant et parents trouvent le repos dont ils ont besoin en douceur et en confiance.<\/strong><\/p>\n<p>La dur\u00e9e est d&rsquo;environ 1h. Pr\u00e9voir une disponibilit\u00e9 d&rsquo;environ 1h30 au total \u00e0 partir de l&rsquo;heure de r\u00e9servation.<\/p>\n<p>Je peux utiliser si vous le souhaitez le Design Humain pour aller plus en profondeur dans mes accompagnements. Vous pouvez me l&rsquo;indiquer au moment du choix de votre cr\u00e9neau horaire.<\/p>\n","protected":false},"excerpt":{"rendered":"<p><strong>Un environnement serein et bienveillant pour que b\u00e9b\u00e9, enfant et parents trouvent le repos dont ils ont besoin en douceur et en confiance.<\/strong><\/p>\n","protected":false},"featured_media":228,"template":"","meta":[],"product_brand":[],"product_cat":[19,33],"product_tag":[30,21,29],"class_list":{"0":"post-72","1":"product","2":"type-product","3":"status-publish","4":"has-post-thumbnail","6":"product_cat-soins-bebe","7":"product_cat-soins-enfant","8":"product_tag-accompagnement","9":"product_tag-bebe","10":"product_tag-enfant","12":"first","13":"instock","14":"shipping-taxable","15":"purchasable","16":"product-type-simple"},"jetpack_sharing_enabled":true,"_links":{"self":[{"href":"https:\/\/chrysaelle.fr\/index.php?rest_route=\/wp\/v2\/product\/72","targetHints":{"allow":["GET"]}}],"collection":[{"href":"https:\/\/chrysaelle.fr\/index.php?rest_route=\/wp\/v2\/product"}],"about":[{"href":"https:\/\/chrysaelle.fr\/index.php?rest_route=\/wp\/v2\/types\/product"}],"wp:featuredmedia":[{"embeddable":true,"href":"https:\/\/chrysaelle.fr\/index.php?rest_route=\/wp\/v2\/media\/228"}],"wp:attachment":[{"href":"https:\/\/chrysaelle.fr\/index.php?rest_route=%2Fwp%2Fv2%2Fmedia&parent=72"}],"wp:term":[{"taxonomy":"product_brand","embeddable":true,"href":"https:\/\/chrysaelle.fr\/index.php?rest_route=%2Fwp%2Fv2%2Fproduct_brand&post=72"},{"taxonomy":"product_cat","embeddable":true,"href":"https:\/\/chrysaelle.fr\/index.php?rest_route=%2Fwp%2Fv2%2Fproduct_cat&post=72"},{"taxonomy":"product_tag","embeddable":true,"href":"https:\/\/chrysaelle.fr\/index.php?rest_route=%2Fwp%2Fv2%2Fproduct_tag&post=72"}],"curies":[{"name":"wp","href":"https:\/\/api.w.org\/{rel}","templated":true}]}}